{"id":2,"date":"2023-11-30T02:25:59","date_gmt":"2023-11-30T01:25:59","guid":{"rendered":"http:\/\/localhost:8888\/vos\/?page_id=2"},"modified":"2024-05-21T22:40:18","modified_gmt":"2024-05-21T20:40:18","slug":"domov","status":"publish","type":"page","link":"https:\/\/vajnorskyspolok.sk\/vos\/","title":{"rendered":"Domov"},"content":{"rendered":"\n<div class=\"wp-block-group alignfull has-global-padding is-layout-constrained wp-block-group-is-layout-constrained\">\n<div class=\"wp-block-cover alignfull wp-duotone-unset-1\" style=\"padding-top:var(--wp--preset--spacing--30);padding-right:var(--wp--preset--spacing--30);padding-bottom:var(--wp--preset--spacing--30);padding-left:var(--wp--preset--spacing--30);min-height:100vh;aspect-ratio:unset;\"><span aria-hidden=\"true\" class=\"wp-block-cover__background has-black-background-color has-background-dim\"><\/span><img loading=\"lazy\" decoding=\"async\" width=\"2500\" height=\"1669\" class=\"wp-block-cover__image-background wp-image-83\" alt=\"\" src=\"https:\/\/vajnorskyspolok.sk\/vos\/wp-content\/uploads\/2023\/11\/fotohrdlicka-4380.jpeg\" data-object-fit=\"cover\" srcset=\"https:\/\/vajnorskyspolok.sk\/vos\/wp-content\/uploads\/2023\/11\/fotohrdlicka-4380.jpeg 2500w, https:\/\/vajnorskyspolok.sk\/vos\/wp-content\/uploads\/2023\/11\/fotohrdlicka-4380-600x401.jpeg 600w, https:\/\/vajnorskyspolok.sk\/vos\/wp-content\/uploads\/2023\/11\/fotohrdlicka-4380-300x200.jpeg 300w, https:\/\/vajnorskyspolok.sk\/vos\/wp-content\/uploads\/2023\/11\/fotohrdlicka-4380-1024x684.jpeg 1024w, https:\/\/vajnorskyspolok.sk\/vos\/wp-content\/uploads\/2023\/11\/fotohrdlicka-4380-768x513.jpeg 768w, https:\/\/vajnorskyspolok.sk\/vos\/wp-content\/uploads\/2023\/11\/fotohrdlicka-4380-1536x1025.jpeg 1536w, https:\/\/vajnorskyspolok.sk\/vos\/wp-content\/uploads\/2023\/11\/fotohrdlicka-4380-2048x1367.jpeg 2048w\" sizes=\"auto, (max-width: 2500px) 100vw, 2500px\" \/><div class=\"wp-block-cover__inner-container is-layout-flow wp-block-cover-is-layout-flow\">\n<div style=\"height:126px\" aria-hidden=\"true\" class=\"wp-block-spacer\"><\/div>\n\n\n\n<div class=\"wp-block-group has-global-padding is-layout-constrained wp-block-group-is-layout-constrained\">\n<h1 class=\"wp-block-heading has-text-align-center\"><strong>Rozv\u00edjame kult\u00farne dedi\u010dstvo Vajnor<\/strong><\/h1>\n\n\n\n<p class=\"has-text-align-center\">Spolupracujeme s miestnymi obyvate\u013emi, klubmi a spolkami.&nbsp;Podporujeme aktivity smeruj\u00face k zlep\u0161eniu \u017eivotn\u00e9ho prostredia.<\/p>\n<\/div>\n\n\n\n<div style=\"height:192px\" aria-hidden=\"true\" class=\"wp-block-spacer\"><\/div>\n<\/div><\/div>\n<\/div>\n\n\n\n<div class=\"wp-block-group alignwide has-global-padding is-layout-constrained wp-container-core-group-is-layout-d89aad35 wp-block-group-is-layout-constrained\" style=\"margin-top:0;margin-bottom:0;padding-top:var(--wp--preset--spacing--50);padding-right:var(--wp--preset--spacing--50);padding-bottom:var(--wp--preset--spacing--50);padding-left:var(--wp--preset--spacing--50)\">\n<div class=\"wp-block-columns alignwide are-vertically-aligned-center is-layout-flex wp-container-core-columns-is-layout-47c06fe3 wp-block-columns-is-layout-flex\">\n<div class=\"wp-block-column is-vertically-aligned-center is-layout-flow wp-block-column-is-layout-flow\" style=\"flex-basis:50%\">\n<h2 class=\"wp-block-heading\">Vajnorsk\u00fd okr\u00e1\u0161\u013eovac\u00ed spolok svoju akt\u00edvnu \u010dinnos\u0165 za\u010dal v roku 2003.<\/h2>\n<\/div>\n\n\n\n<div class=\"wp-block-column is-vertically-aligned-center is-layout-flow wp-block-column-is-layout-flow\" style=\"flex-basis:50%\">\n<p>Hlavn\u00fd mot\u00edvom bola \u013eudov\u00e1 piese\u0148 a tanec. V s\u00fa\u010dasnosti m\u00e1  40  \u010dlenov. Sna\u017e\u00ed sa o udr\u017eiavanie trad\u00edci\u00ed v r\u00f4znych smeroch, s osobitn\u00fdm d\u00f4razom na tradi\u010dn\u00e9 kroje a \u013eudov\u00e9 pesni\u010dky.\u00a0<\/p>\n\n\n\n<p>Spolupracuje a podporuje aktivity \u013eudov\u00fdch umelcov, Vajnorskej dychovky, ktor\u00e1 hr\u00e1 \u013eudov\u00e9 aj vlastn\u00e9 pesni\u010dky, vinohradn\u00edkov, po\u013enohospod\u00e1rov a po\u013eovn\u00edkov.&nbsp;<\/p>\n\n\n\n<div class=\"wp-block-buttons is-layout-flex wp-block-buttons-is-layout-flex\">\n<div class=\"wp-block-button has-custom-font-size has-medium-font-size\"><a class=\"wp-block-button__link has-background wp-element-button\" href=\"https:\/\/vajnorskyspolok.sk\/vos\/o-spolku\/\" style=\"border-style:none;border-width:0px;border-radius:100px;background-color:#de3030;padding-top:var(--wp--preset--spacing--10);padding-right:var(--wp--preset--spacing--30);padding-bottom:var(--wp--preset--spacing--10);padding-left:var(--wp--preset--spacing--30)\">O N\u00e1s<\/a><\/div>\n<\/div>\n<\/div>\n<\/div>\n<\/div>\n\n\n\n<hr class=\"wp-block-separator alignwide has-alpha-channel-opacity is-style-dots\" style=\"margin-top:var(--wp--preset--spacing--20);margin-bottom:var(--wp--preset--spacing--20)\"\/>\n\n\n\n<div class=\"wp-block-group alignfull has-tertiary-background-color has-background has-global-padding is-content-justification-center is-layout-constrained wp-container-core-group-is-layout-6190183f wp-block-group-is-layout-constrained\" style=\"padding-top:64px;padding-right:20px;padding-bottom:64px;padding-left:20px\">\n<div class=\"wp-block-columns are-vertically-aligned-center is-layout-flex wp-container-core-columns-is-layout-0485a0e3 wp-block-columns-is-layout-flex\" style=\"margin-top:0;margin-bottom:0;padding-top:0;padding-right:0;padding-bottom:0;padding-left:0\">\n<div class=\"wp-block-column is-vertically-aligned-center has-global-padding is-layout-constrained wp-container-core-column-is-layout-e804803e wp-block-column-is-layout-constrained\" style=\"padding-top:0;padding-right:0;padding-bottom:0;padding-left:0\">\n<h2 class=\"wp-block-heading has-text-align-center has-contrast-color has-text-color\" style=\"font-size:clamp(22.041px, 1.378rem + ((1vw - 3.2px) * 1.454), 36px);\">Darujte 2% z dan\u00ed<\/h2>\n\n\n\n<p class=\"has-text-align-center has-text-color\" style=\"color:#666666;font-size:clamp(14px, 0.875rem + ((1vw - 3.2px) * 0.417), 18px);font-style:normal;font-weight:400\"><mark style=\"background-color:rgba(0, 0, 0, 0)\" class=\"has-inline-color has-contrast-color\"><strong>Obchodn\u00e9 meno:<\/strong> Vajnorsk\u00fd okr\u00e1\u0161\u013eovac\u00ed spolok<br><strong>S\u00eddlo: <\/strong>83107 Bratislava, Pod lipami 2<br><strong>Pr\u00e1vna forma:<\/strong> Ob\u010dianske zdru\u017eenie<\/mark><\/p>\n<\/div>\n<\/div>\n\n\n\n<div class=\"wp-block-buttons is-horizontal is-content-justification-center is-layout-flex wp-container-core-buttons-is-layout-82c1574a wp-block-buttons-is-layout-flex\">\n<div class=\"wp-block-button has-custom-font-size\" style=\"font-size:clamp(14px, 0.875rem + ((1vw - 3.2px) * 0.313), 17px);font-style:normal;font-weight:500\"><a class=\"wp-block-button__link has-white-color has-text-color has-background wp-element-button\" href=\"http:\/\/rozhodni.sk\/institution\/vajnorsky-okraslovaci-spolok\/\" style=\"border-radius:100px;background-color:#d13232;padding-top:var(--wp--preset--spacing--10);padding-right:var(--wp--preset--spacing--20);padding-bottom:var(--wp--preset--spacing--10);padding-left:var(--wp--preset--spacing--20)\" target=\"_blank\" rel=\"noreferrer noopener\">Kliknite sem<\/a><\/div>\n<\/div>\n<\/div>\n","protected":false},"excerpt":{"rendered":"<p>Vajnorsk\u00fd okr\u00e1\u0161\u013eovac\u00ed spolok svoju akt\u00edvnu \u010dinnos\u0165 za\u010dal v roku 2003. Hlavn\u00fd mot\u00edvom bola \u013eudov\u00e1 piese\u0148 a tanec. V s\u00fa\u010dasnosti m\u00e1 40 \u010dlenov. Sna\u017e\u00ed sa o udr\u017eiavanie trad\u00edci\u00ed v r\u00f4znych smeroch, s osobitn\u00fdm d\u00f4razom na tradi\u010dn\u00e9 kroje a \u013eudov\u00e9 pesni\u010dky.\u00a0 Spolupracuje a podporuje aktivity \u013eudov\u00fdch umelcov, Vajnorskej dychovky, ktor\u00e1 hr\u00e1 \u013eudov\u00e9 aj vlastn\u00e9 pesni\u010dky, vinohradn\u00edkov, po\u013enohospod\u00e1rov [&hellip;]<\/p>\n","protected":false},"author":1,"featured_media":0,"parent":0,"menu_order":0,"comment_status":"closed","ping_status":"closed","template":"page-no-title","meta":{"ngg_post_thumbnail":0,"_themeisle_gutenberg_block_has_review":false,"_ti_tpc_template_sync":false,"_ti_tpc_template_id":"","footnotes":""},"class_list":["post-2","page","type-page","status-publish","hentry"],"_links":{"self":[{"href":"https:\/\/vajnorskyspolok.sk\/vos\/wp-json\/wp\/v2\/pages\/2","targetHints":{"allow":["GET"]}}],"collection":[{"href":"https:\/\/vajnorskyspolok.sk\/vos\/wp-json\/wp\/v2\/pages"}],"about":[{"href":"https:\/\/vajnorskyspolok.sk\/vos\/wp-json\/wp\/v2\/types\/page"}],"author":[{"embeddable":true,"href":"https:\/\/vajnorskyspolok.sk\/vos\/wp-json\/wp\/v2\/users\/1"}],"replies":[{"embeddable":true,"href":"https:\/\/vajnorskyspolok.sk\/vos\/wp-json\/wp\/v2\/comments?post=2"}],"version-history":[{"count":44,"href":"https:\/\/vajnorskyspolok.sk\/vos\/wp-json\/wp\/v2\/pages\/2\/revisions"}],"predecessor-version":[{"id":330,"href":"https:\/\/vajnorskyspolok.sk\/vos\/wp-json\/wp\/v2\/pages\/2\/revisions\/330"}],"wp:attachment":[{"href":"https:\/\/vajnorskyspolok.sk\/vos\/wp-json\/wp\/v2\/media?parent=2"}],"curies":[{"name":"wp","href":"https:\/\/api.w.org\/{rel}","templated":true}]}}

<div class="wp-block-group alignfull has-global-padding is-layout-constrained wp-block-group-is-layout-constrained">
<div class="wp-block-cover alignfull wp-duotone-unset-1" style="padding-top:var(--wp--preset--spacing--30);padding-right:var(--wp--preset--spacing--30);padding-bottom:var(--wp--preset--spacing--30);padding-left:var(--wp--preset--spacing--30);min-height:100vh;aspect-ratio:unset;"><span aria-hidden="true" class="wp-block-cover__background has-black-background-color has-background-dim"></span><img loading="lazy" decoding="async" width="2500" height="1669" class="wp-block-cover__image-background wp-image-83" alt="" src="https://vajnorskyspolok.sk/vos/wp-content/uploads/2023/11/fotohrdlicka-4380.jpeg" data-object-fit="cover" srcset="https://vajnorskyspolok.sk/vos/wp-content/uploads/2023/11/fotohrdlicka-4380.jpeg 2500w, https://vajnorskyspolok.sk/vos/wp-content/uploads/2023/11/fotohrdlicka-4380-600x401.jpeg 600w, https://vajnorskyspolok.sk/vos/wp-content/uploads/2023/11/fotohrdlicka-4380-300x200.jpeg 300w, https://vajnorskyspolok.sk/vos/wp-content/uploads/2023/11/fotohrdlicka-4380-1024x684.jpeg 1024w, https://vajnorskyspolok.sk/vos/wp-content/uploads/2023/11/fotohrdlicka-4380-768x513.jpeg 768w, https://vajnorskyspolok.sk/vos/wp-content/uploads/2023/11/fotohrdlicka-4380-1536x1025.jpeg 1536w, https://vajnorskyspolok.sk/vos/wp-content/uploads/2023/11/fotohrdlicka-4380-2048x1367.jpeg 2048w" sizes="auto, (max-width: 2500px) 100vw, 2500px" /><div class="wp-block-cover__inner-container is-layout-flow wp-block-cover-is-layout-flow">
<div style="height:126px" aria-hidden="true" class="wp-block-spacer"></div>



<div class="wp-block-group has-global-padding is-layout-constrained wp-block-group-is-layout-constrained">
<h1 class="wp-block-heading has-text-align-center"><strong>Rozvíjame kultúrne dedičstvo Vajnor</strong></h1>



<p class="has-text-align-center">Spolupracujeme s miestnymi obyvateľmi, klubmi a spolkami.&nbsp;Podporujeme aktivity smerujúce k zlepšeniu životného prostredia.</p>
</div>



<div style="height:192px" aria-hidden="true" class="wp-block-spacer"></div>
</div></div>
</div>



<div class="wp-block-group alignwide has-global-padding is-layout-constrained wp-container-core-group-is-layout-d89aad35 wp-block-group-is-layout-constrained" style="margin-top:0;margin-bottom:0;padding-top:var(--wp--preset--spacing--50);padding-right:var(--wp--preset--spacing--50);padding-bottom:var(--wp--preset--spacing--50);padding-left:var(--wp--preset--spacing--50)">
<div class="wp-block-columns alignwide are-vertically-aligned-center is-layout-flex wp-container-core-columns-is-layout-47c06fe3 wp-block-columns-is-layout-flex">
<div class="wp-block-column is-vertically-aligned-center is-layout-flow wp-block-column-is-layout-flow" style="flex-basis:50%">
<h2 class="wp-block-heading">Vajnorský okrášľovací spolok svoju aktívnu činnosť začal v roku 2003.</h2>
</div>



<div class="wp-block-column is-vertically-aligned-center is-layout-flow wp-block-column-is-layout-flow" style="flex-basis:50%">
<p>Hlavný motívom bola ľudová pieseň a tanec. V súčasnosti má  40  členov. Snaží sa o udržiavanie tradícií v rôznych smeroch, s osobitným dôrazom na tradičné kroje a ľudové pesničky. </p>



<p>Spolupracuje a podporuje aktivity ľudových umelcov, Vajnorskej dychovky, ktorá hrá ľudové aj vlastné pesničky, vinohradníkov, poľnohospodárov a poľovníkov.&nbsp;</p>



<div class="wp-block-buttons is-layout-flex wp-block-buttons-is-layout-flex">
<div class="wp-block-button has-custom-font-size has-medium-font-size"><a class="wp-block-button__link has-background wp-element-button" href="https://vajnorskyspolok.sk/vos/o-spolku/" style="border-style:none;border-width:0px;border-radius:100px;background-color:#de3030;padding-top:var(--wp--preset--spacing--10);padding-right:var(--wp--preset--spacing--30);padding-bottom:var(--wp--preset--spacing--10);padding-left:var(--wp--preset--spacing--30)">O Nás</a></div>
</div>
</div>
</div>
</div>



<hr class="wp-block-separator alignwide has-alpha-channel-opacity is-style-dots" style="margin-top:var(--wp--preset--spacing--20);margin-bottom:var(--wp--preset--spacing--20)"/>



<div class="wp-block-group alignfull has-tertiary-background-color has-background has-global-padding is-content-justification-center is-layout-constrained wp-container-core-group-is-layout-6190183f wp-block-group-is-layout-constrained" style="padding-top:64px;padding-right:20px;padding-bottom:64px;padding-left:20px">
<div class="wp-block-columns are-vertically-aligned-center is-layout-flex wp-container-core-columns-is-layout-0485a0e3 wp-block-columns-is-layout-flex" style="margin-top:0;margin-bottom:0;padding-top:0;padding-right:0;padding-bottom:0;padding-left:0">
<div class="wp-block-column is-vertically-aligned-center has-global-padding is-layout-constrained wp-container-core-column-is-layout-e804803e wp-block-column-is-layout-constrained" style="padding-top:0;padding-right:0;padding-bottom:0;padding-left:0">
<h2 class="wp-block-heading has-text-align-center has-contrast-color has-text-color" style="font-size:clamp(22.041px, 1.378rem + ((1vw - 3.2px) * 1.454), 36px);">Darujte 2% z daní</h2>



<p class="has-text-align-center has-text-color" style="color:#666666;font-size:clamp(14px, 0.875rem + ((1vw - 3.2px) * 0.417), 18px);font-style:normal;font-weight:400"><mark style="background-color:rgba(0, 0, 0, 0)" class="has-inline-color has-contrast-color"><strong>Obchodné meno:</strong> Vajnorský okrášľovací spolok<br><strong>Sídlo: </strong>83107 Bratislava, Pod lipami 2<br><strong>Právna forma:</strong> Občianske združenie</mark></p>
</div>
</div>



<div class="wp-block-buttons is-horizontal is-content-justification-center is-layout-flex wp-container-core-buttons-is-layout-82c1574a wp-block-buttons-is-layout-flex">
<div class="wp-block-button has-custom-font-size" style="font-size:clamp(14px, 0.875rem + ((1vw - 3.2px) * 0.313), 17px);font-style:normal;font-weight:500"><a class="wp-block-button__link has-white-color has-text-color has-background wp-element-button" href="http://rozhodni.sk/institution/vajnorsky-okraslovaci-spolok/" style="border-radius:100px;background-color:#d13232;padding-top:var(--wp--preset--spacing--10);padding-right:var(--wp--preset--spacing--20);padding-bottom:var(--wp--preset--spacing--10);padding-left:var(--wp--preset--spacing--20)" target="_blank" rel="noreferrer noopener">Kliknite sem</a></div>
</div>
</div>

<p>Vajnorský okrášľovací spolok svoju aktívnu činnosť začal v roku 2003. Hlavný motívom bola ľudová pieseň a tanec. V súčasnosti má 40 členov. Snaží sa o udržiavanie tradícií v rôznych smeroch, s osobitným dôrazom na tradičné kroje a ľudové pesničky.  Spolupracuje a podporuje aktivity ľudových umelcov, Vajnorskej dychovky, ktorá hrá ľudové aj vlastné pesničky, vinohradníkov, poľnohospodárov [&hellip;]</p>
