{"id":24,"date":"2023-11-30T03:20:11","date_gmt":"2023-11-30T02:20:11","guid":{"rendered":"http:\/\/localhost:8888\/vos\/?page_id=24"},"modified":"2025-03-10T11:33:00","modified_gmt":"2025-03-10T10:33:00","slug":"o-spolku","status":"publish","type":"page","link":"https:\/\/vajnorskyspolok.sk\/vos\/o-spolku\/","title":{"rendered":"O Spolku"},"content":{"rendered":"\n<div class=\"wp-block-cover alignfull is-light\" style=\"padding-top:var(--wp--preset--spacing--30);padding-right:var(--wp--preset--spacing--30);padding-bottom:var(--wp--preset--spacing--30);padding-left:var(--wp--preset--spacing--30);min-height:50px;aspect-ratio:unset;\"><span aria-hidden=\"true\" class=\"wp-block-cover__background has-black-background-color has-background-dim\"><\/span><img loading=\"lazy\" decoding=\"async\" width=\"755\" height=\"566\" class=\"wp-block-cover__image-background wp-image-215\" alt=\"\" src=\"https:\/\/vajnorskyspolok.sk\/vos\/wp-content\/uploads\/2023\/12\/IMG_3780.jpg\" data-object-fit=\"cover\" srcset=\"https:\/\/vajnorskyspolok.sk\/vos\/wp-content\/uploads\/2023\/12\/IMG_3780.jpg 755w, https:\/\/vajnorskyspolok.sk\/vos\/wp-content\/uploads\/2023\/12\/IMG_3780-300x225.jpg 300w\" sizes=\"auto, (max-width: 755px) 100vw, 755px\" \/><div class=\"wp-block-cover__inner-container is-layout-flow wp-block-cover-is-layout-flow\">\n<div style=\"height:123px\" aria-hidden=\"true\" class=\"wp-block-spacer\"><\/div>\n\n\n\n<div class=\"wp-block-group has-global-padding is-layout-constrained wp-block-group-is-layout-constrained\">\n<h1 class=\"wp-block-heading has-text-align-center has-base-2-color has-text-color has-link-color wp-elements-36b7e06d8b85e77460db707a90436f1f\"><strong>O Spolku<\/strong><\/h1>\n<\/div>\n\n\n\n<div style=\"height:120px\" aria-hidden=\"true\" class=\"wp-block-spacer\"><\/div>\n<\/div><\/div>\n\n\n\n<div class=\"wp-block-group alignfull has-global-padding is-layout-constrained wp-container-core-group-is-layout-d89aad35 wp-block-group-is-layout-constrained\" style=\"margin-top:0;margin-bottom:0;padding-top:var(--wp--preset--spacing--50);padding-right:var(--wp--preset--spacing--50);padding-bottom:var(--wp--preset--spacing--50);padding-left:var(--wp--preset--spacing--50)\">\n<div class=\"wp-block-columns alignwide are-vertically-aligned-center is-layout-flex wp-container-core-columns-is-layout-47c06fe3 wp-block-columns-is-layout-flex\">\n<div class=\"wp-block-column is-vertically-aligned-center is-layout-flow wp-block-column-is-layout-flow\" style=\"flex-basis:50%\">\n<h2 class=\"wp-block-heading\">Ka\u017ed\u00fd zvyk, trad\u00edcia m\u00e1 svoju \u013eudov\u00fa piese\u0148 alebo nie\u010do \u0161pecifick\u00e9. V\u0161etci spolk\u00e1ri pou\u017e\u00edvaj\u00fa vlastn\u00e9 historick\u00e9 kroje. <\/h2>\n<\/div>\n\n\n\n<div class=\"wp-block-column is-vertically-aligned-center is-layout-flow wp-block-column-is-layout-flow\" style=\"flex-basis:50%\">\n<p>Ka\u017ed\u00fd zvyk, trad\u00edcia m\u00e1 svoju \u013eudov\u00fa piese\u0148 alebo nie\u010do \u0161pecifick\u00e9. V\u0161etci spolk\u00e1ri pou\u017e\u00edvaj\u00fa vlastn\u00e9 historick\u00e9 kroje. Viacer\u00e9 kroje maj\u00fa viac ako 100 rokov. Vajnory s\u00fa jedinou mestskou \u010das\u0165ou Bratislavy, ktor\u00e1 si st\u00e1le udr\u017eiava svoje p\u00f4vodn\u00e9 n\u00e1re\u010die, p\u00f4vodn\u00fa \u013eudov\u00fa piese\u0148 a folkl\u00f3rne trad\u00edcie. Vymieran\u00edm star\u0161ej gener\u00e1cie \u010doraz menej obyvate\u013eov pozn\u00e1 svoje p\u00f4vodn\u00e9 \u013eudov\u00e9 piesne, a preto spolok vydal vlastn\u00fd spevn\u00edk, ktor\u00fd pom\u00e1ha o\u017eivi\u0165 vajnorsk\u00fa \u013eudov\u00fa piese\u0148 a zapoji\u0165 \u0161ir\u0161iu verejnos\u0165 do tradi\u010dn\u00fdch aktiv\u00edt . Spolok pracuje pod umeleck\u00fdm veden\u00edm Franti\u0161ka Grebe\u010diho a veden\u00edm spolku Ivana \u0160tel\u00e1ra, na harmoniku hr\u00e1 Juraj Seleck\u00fd, Dalibor Grebe\u010di.<\/p>\n<\/div>\n<\/div>\n<\/div>\n","protected":false},"excerpt":{"rendered":"<p>Ka\u017ed\u00fd zvyk, trad\u00edcia m\u00e1 svoju \u013eudov\u00fa piese\u0148 alebo nie\u010do \u0161pecifick\u00e9. V\u0161etci spolk\u00e1ri pou\u017e\u00edvaj\u00fa vlastn\u00e9 historick\u00e9 kroje. Ka\u017ed\u00fd zvyk, trad\u00edcia m\u00e1 svoju \u013eudov\u00fa piese\u0148 alebo nie\u010do \u0161pecifick\u00e9. V\u0161etci spolk\u00e1ri pou\u017e\u00edvaj\u00fa vlastn\u00e9 historick\u00e9 kroje. Viacer\u00e9 kroje maj\u00fa viac ako 100 rokov. Vajnory s\u00fa jedinou mestskou \u010das\u0165ou Bratislavy, ktor\u00e1 si st\u00e1le udr\u017eiava svoje p\u00f4vodn\u00e9 n\u00e1re\u010die, p\u00f4vodn\u00fa \u013eudov\u00fa piese\u0148 [&hellip;]<\/p>\n","protected":false},"author":1,"featured_media":0,"parent":0,"menu_order":0,"comment_status":"closed","ping_status":"closed","template":"page-no-title","meta":{"ngg_post_thumbnail":0,"_themeisle_gutenberg_block_has_review":false,"_ti_tpc_template_sync":false,"_ti_tpc_template_id":"","footnotes":""},"class_list":["post-24","page","type-page","status-publish","hentry"],"_links":{"self":[{"href":"https:\/\/vajnorskyspolok.sk\/vos\/wp-json\/wp\/v2\/pages\/24","targetHints":{"allow":["GET"]}}],"collection":[{"href":"https:\/\/vajnorskyspolok.sk\/vos\/wp-json\/wp\/v2\/pages"}],"about":[{"href":"https:\/\/vajnorskyspolok.sk\/vos\/wp-json\/wp\/v2\/types\/page"}],"author":[{"embeddable":true,"href":"https:\/\/vajnorskyspolok.sk\/vos\/wp-json\/wp\/v2\/users\/1"}],"replies":[{"embeddable":true,"href":"https:\/\/vajnorskyspolok.sk\/vos\/wp-json\/wp\/v2\/comments?post=24"}],"version-history":[{"count":13,"href":"https:\/\/vajnorskyspolok.sk\/vos\/wp-json\/wp\/v2\/pages\/24\/revisions"}],"predecessor-version":[{"id":332,"href":"https:\/\/vajnorskyspolok.sk\/vos\/wp-json\/wp\/v2\/pages\/24\/revisions\/332"}],"wp:attachment":[{"href":"https:\/\/vajnorskyspolok.sk\/vos\/wp-json\/wp\/v2\/media?parent=24"}],"curies":[{"name":"wp","href":"https:\/\/api.w.org\/{rel}","templated":true}]}}

<div class="wp-block-cover alignfull is-light" style="padding-top:var(--wp--preset--spacing--30);padding-right:var(--wp--preset--spacing--30);padding-bottom:var(--wp--preset--spacing--30);padding-left:var(--wp--preset--spacing--30);min-height:50px;aspect-ratio:unset;"><span aria-hidden="true" class="wp-block-cover__background has-black-background-color has-background-dim"></span><img loading="lazy" decoding="async" width="755" height="566" class="wp-block-cover__image-background wp-image-215" alt="" src="https://vajnorskyspolok.sk/vos/wp-content/uploads/2023/12/IMG_3780.jpg" data-object-fit="cover" srcset="https://vajnorskyspolok.sk/vos/wp-content/uploads/2023/12/IMG_3780.jpg 755w, https://vajnorskyspolok.sk/vos/wp-content/uploads/2023/12/IMG_3780-300x225.jpg 300w" sizes="auto, (max-width: 755px) 100vw, 755px" /><div class="wp-block-cover__inner-container is-layout-flow wp-block-cover-is-layout-flow">
<div style="height:123px" aria-hidden="true" class="wp-block-spacer"></div>



<div class="wp-block-group has-global-padding is-layout-constrained wp-block-group-is-layout-constrained">
<h1 class="wp-block-heading has-text-align-center has-base-2-color has-text-color has-link-color wp-elements-36b7e06d8b85e77460db707a90436f1f"><strong>O Spolku</strong></h1>
</div>



<div style="height:120px" aria-hidden="true" class="wp-block-spacer"></div>
</div></div>



<div class="wp-block-group alignfull has-global-padding is-layout-constrained wp-container-core-group-is-layout-d89aad35 wp-block-group-is-layout-constrained" style="margin-top:0;margin-bottom:0;padding-top:var(--wp--preset--spacing--50);padding-right:var(--wp--preset--spacing--50);padding-bottom:var(--wp--preset--spacing--50);padding-left:var(--wp--preset--spacing--50)">
<div class="wp-block-columns alignwide are-vertically-aligned-center is-layout-flex wp-container-core-columns-is-layout-47c06fe3 wp-block-columns-is-layout-flex">
<div class="wp-block-column is-vertically-aligned-center is-layout-flow wp-block-column-is-layout-flow" style="flex-basis:50%">
<h2 class="wp-block-heading">Každý zvyk, tradícia má svoju ľudovú pieseň alebo niečo špecifické. Všetci spolkári používajú vlastné historické kroje. </h2>
</div>



<div class="wp-block-column is-vertically-aligned-center is-layout-flow wp-block-column-is-layout-flow" style="flex-basis:50%">
<p>Každý zvyk, tradícia má svoju ľudovú pieseň alebo niečo špecifické. Všetci spolkári používajú vlastné historické kroje. Viaceré kroje majú viac ako 100 rokov. Vajnory sú jedinou mestskou časťou Bratislavy, ktorá si stále udržiava svoje pôvodné nárečie, pôvodnú ľudovú pieseň a folklórne tradície. Vymieraním staršej generácie čoraz menej obyvateľov pozná svoje pôvodné ľudové piesne, a preto spolok vydal vlastný spevník, ktorý pomáha oživiť vajnorskú ľudovú pieseň a zapojiť širšiu verejnosť do tradičných aktivít . Spolok pracuje pod umeleckým vedením Františka Grebečiho a vedením spolku Ivana Štelára, na harmoniku hrá Juraj Selecký, Dalibor Grebeči.</p>
</div>
</div>
</div>

<p>Každý zvyk, tradícia má svoju ľudovú pieseň alebo niečo špecifické. Všetci spolkári používajú vlastné historické kroje. Každý zvyk, tradícia má svoju ľudovú pieseň alebo niečo špecifické. Všetci spolkári používajú vlastné historické kroje. Viaceré kroje majú viac ako 100 rokov. Vajnory sú jedinou mestskou časťou Bratislavy, ktorá si stále udržiava svoje pôvodné nárečie, pôvodnú ľudovú pieseň [&hellip;]</p>
